 Calculate the greatest common factor of s and b.
22
Let v(k) = -4 - 4 + k**3 + 12*k - 5*k + 10*k**2. Let w be v(-9). What is the highest common factor of w and 50?
10
Let o = 1848 + -1400. What is the greatest common divisor of 576 and o?
64
Let r(d) be the first derivative of 4*d**2 - 3*d + 16. Let i be r(6). Let n be 1*2*(-30)/(-4). Calculate the greatest common factor of n and i.
15
Let h = 109 + -83. What is the greatest common factor of h and 338?
26
Let u = 3 - -2. Suppose 4*r + 14 = u*n, 4*n = 3*r + 2*r + 22. Let v be 1*(r + 3 + 10). What is the greatest common factor of v and 35?
7
Let f(s) = -s**2 + 19*s - 27. Let u be f(17). Let h be (-6 - -1) + (9 - u) + 14. What is the highest common factor of h and 11?
11
Suppose 0 = -2*h + d + 979, -2*d + 493 = h + d. Calculate the highest common divisor of h and 10.
10
Let j(v) = -15*v - 105. Let b be j(-19). Calculate the highest common factor of 80 and b.
20
Suppose 57*j - 53*j - 3100 = -4*b, 5*j = -4*b + 3877. What is the highest common divisor of 21 and j?
21
Suppose 2*c + 7 + 1 = 0. Let o(u) = 5*u**2 - u - 4. Let t be o(c). Let k be ((-40)/(-9))/((22/99)/1). What is the highest common factor of t and k?
20
Suppose 0 = 5*c - 3*j - 252, 2*j - 16 = -c + 24. Suppose 2*x + 2*b = 32, -17*x - 12 = -19*x + 3*b. What is the greatest common divisor of c and x?
12
Suppose -200*u + 198*u = -16. Calculate the greatest common divisor of u and 16.
8
Suppose 5*w = -4*g + 2*w - 376, 5*w + 20 = 0. Let l be 2/(-12) + g/(-6). Calculate the highest common factor of 45 and l.
15
Suppose -16*b = 18*b - 1326. What is the highest common factor of b and 1170?
39
Suppose 29*b - 2146 = 290. Calculate the greatest common factor of b and 21.
21
Let c(a) = -14*a - 5 + 7*a + 20*a. Let m be c(5). Suppose 4*q + 40 = 5*z, q - 41 = -0*z - 3*z. Calculate the greatest common divisor of z and m.
12
Let g(u) = 4*u**2 - 6 + 2 - 6*u - 5*u**2. Let c be g(-4). Suppose 0*j = 5*j - 60. Calculate the highest common divisor of c and j.
4
Let k(p) = p**3 + 10*p**2 - p - 3. Let b be k(-9). What is the highest common factor of b and 116?
29
Let c be (-176)/(-6) - (-6)/9. Let n be (-28)/7 + (-474)/(-6). What is the greatest common divisor of n and c?
15
Let x(c) = c**3 + 16*c**2 + 6*c + 50. Let m be x(-11). What is the greatest common factor of 19 and m?
19
Let k be (-1*(1 + -2))/((-15)/(-300)). What is the highest common divisor of 30 and k?
10
Suppose -4*v = 4*b - 4, 4*b + b = 4*v + 14. Suppose 0 = 2*g - 4 - b. Let w = g + 17. Calculate the highest common factor of 10 and w.
10
Suppose -4*l + 20 = -2*l + a, -24 = -2*l - 2*a. Let c = 9 + -25. Let d be 54/l*c/(-6). What is the highest common divisor of 45 and d?
9
Suppose -7*f + 153 + 43 = 0. What is the greatest common factor of 224 and f?
28
Suppose 3*f - 106 = -5*n, 7*f + 3*n - 96 = 4*f. Suppose -3 + 6 = k. What is the greatest common factor of k and f?
3
Let x be 2 - (-28)/6 - 17/(-51). Suppose 0 = -3*t - x*t + 1050. Calculate the greatest common factor of t and 21.
21
Suppose -39*l + 8*l = -620. Suppose -245 = -4*m + 4*y + 91, 4*y = -2*m + 144. What is the highest common factor of l and m?
20
Suppose -93 - 117 = 6*j. Let w = 34 - j. Calculate the greatest common factor of 23 and w.
23
Suppose -c - 74 = 4*i - 188, 2*c - 4*i - 180 = 0. What is the greatest common divisor of 35 and c?
7
Suppose -120*c + 126*c - 84 = 0. Calculate the greatest common factor of c and 14.
14
Let n be (-1056)/(-104) - (-4)/(-26). Let r(c) = 3*c + 5. Let q be r(n). Calculate the greatest common divisor of 14 and q.
7
Let f(i) = i**2 + 6*i + 12. Let d be f(-5). Calculate the highest common divisor of d and 3.
1
Suppose 0 = 12*d - 16*d + 32. Calculate the highest common divisor of 608 and d.
8
Let i(m) = 12*m + 36. Let z be i(4). What is the greatest common divisor of z and 30?
6
Let r(k) = -3*k**3 + k**2 - 2*k - 3. Let m be r(-2). Let j = 36 + -36. Suppose j = 7*y - 2*y - 580. What is the highest common factor of y and m?
29
Let v(d) = d**2 - 15*d - 35. Let l be v(18). Suppose 0 = -t + 6 + l. Suppose -2*k = 2*y - 8, 6 = -3*k + 3. What is the greatest common divisor of y and t?
5
Let v = 1 + 9. Let s be (896/56)/((-1)/(-5)). What is the greatest common divisor of s and v?
10
Suppose 7*q + 32 - 67 = 0. Suppose 4*b + 227 = q*g, 0 = -3*g - g + 4*b + 184. Calculate the greatest common factor of g and 86.
43
Let p be 1019/5 + 10/50. What is the greatest common factor of 12 and p?
12
Let t(i) = 6 + i**2 - 5*i - 2*i**2 + 2*i**2. Let y be t(5). Let v be (-18)/27 - (-508)/y. Calculate the greatest common factor of 12 and v.
12
Let x = -1136 + 1143. Calculate the highest common divisor of 623 and x.
7
Suppose 3*f + 12 = -135. Let b be (-10)/(-14) - 14/f. Let y be b*4/(8/22). Calculate the highest common divisor of 33 and y.
11
Suppose -4*k + 1200 = 20. Suppose 0*y + 2*l = y - 46, -3*l + k = 5*y. Let u = 0 - -7. Calculate the greatest common factor of y and u.
7
Let u = 74 - 71. Suppose u*h = 5*j - 591, -h - 575 = -5*j - 6*h. Let a = -6 + 19. Calculate the highest common divisor of a and j.
13
Let v(k) = -k**3 + 9*k**2 + 10*k + 4. Let s be v(10). Suppose s*d + 125 = 525. Calculate the greatest common factor of d and 20.
20
Suppose l - 3*l = -32. Suppose -2*j - 2*j + 2*k = 484, 5*k = j + 112. Let a = 22 - j. Calculate the greatest common factor of l and a.
16
Suppose 9822 = 26*d + 2334. What is the greatest common divisor of d and 36?
36
Suppose 5*y = 5*a + 30, 3*y + y - 36 = a. Let d(q) = q**2 - 9*q - 1. Let o be d(y). Let k = o - -6. What is the greatest common factor of 165 and k?
15
Let b = -918 + 1278. What is the greatest common factor of b and 160?
40
Let u = 71 - 47. Suppose -5*g = -4*q + 39, 5*q + 4*g = 15 + 3. What is the greatest common factor of q and u?
6
Let o be 0/(-1) - (-192)/6. Let n = o + -10. Calculate the greatest common factor of n and 33.
11
Let o = 2252 + -1355. Calculate the highest common divisor of o and 39.
39
Let u(z) = -28*z + 8. Let c be u(-8). What is the greatest common divisor of 87 and c?
29
Let q = 115 - 77. Let i be (3 + q/(-4))*10. Let h = 109 + i. What is the greatest common divisor of h and 4?
4
Let b(c) = -2*c**2 + 38*c - 22. Let n be b(18). Calculate the greatest common factor of 2 and n.
2
Let o = 565 - 546. Calculate the greatest common factor of 551 and o.
19
Suppose 0 = 3*k + 6*k + 54. Let c be ((-2)/k)/(1/9). Calculate the greatest common factor of c and 12.
3
Let b = -186 + 381. Let y = b - 135. What is the highest common divisor of 24 and y?
12
Let i be 4/14 + (-156)/(-42). Suppose 1 - i = -3*b. Suppose 4*m - d - 8 = -0*d, 0 = -5*m - d + b. Calculate the greatest common divisor of m and 4.
1
Let n(k) = k + 3. Let g be n(4). Let a(r) = 7*r - 8*r**2 - 29 - 32 + r**3 + 67. Let b be a(g). What is the greatest common factor of b and 30?
6
Let f = 1 - -1. Let t = -60 + 68. Suppose -3*u + f = t, -5*u = 3*y - 74. Calculate the highest common factor of y and 7.
7
Let c be 42*(1 - 52/28). Let q be c/234 - 576/(-26). What is the greatest common factor of q and 2?
2
Let a be 1/(-2)*-2*46. Let z(h) = h**3 + 7*h**2 + 3*h + 6. Let b be z(-6). Let c = b + a. Calculate the highest common factor of 10 and c.
10
Suppose 0 = -2*x + a + 9, -2*a + 18 = x - 7*a. Suppose 8*g + 5*c = x*g + 450, -4*c + 186 = 2*g. What is the greatest common divisor of 58 and g?
29
Let m(o) = -37*o + 413. Let n be m(11). Let l be 10 + 0/(-2) + 2. Calculate the greatest common divisor of n and l.
6
Suppose 29*f + 145 = 5*u + 31*f, 5*u - f - 130 = 0. Calculate the greatest common divisor of 837 and u.
27
Suppose -f - 269 = -3*d, 0*d - 4*f - 196 = -2*d. Calculate the highest common divisor of d and 33.
11
Suppose -5*h + 423 = u, 9*h - 8*h - 4*u - 72 = 0. Calculate the highest common divisor of 756 and h.
84
Let a be (1 - (-4)/(-8))*1336/4. Let p = -92 + a. What is the highest common divisor of p and 25?
25
Let t be (-4375)/(-350) - 1/2. Let f(x) = -x**2 - 6*x - 3. Let c be f(-5). What is the highest common divisor of c and t?
2
Let q = -93 + 48. Let r be (-2)/(-9) + (-5255)/q. What is the greatest common divisor of r and 13?
13
Let a(h) = h**2 + 3*h + 29. Let q be a(-10). Calculate the highest common divisor of q and 22.
11
Let m(s) = 31*s + 235. Let t be m(11). Calculate the highest common factor of 6 and t.
6
Let w 